prime factors of v?
2
What are the prime factors of 1022*(-114)/(-76)*(-4)/(-6)?
2, 7, 73
Let r(j) be the second derivative of 11*j**5/60 - j**4/12 + j**3/6 + 11*j**2/2 - 9*j. Let x(l) be the first derivative of r(l). List the prime factors of x(1).
2, 5
Let u(z) = -z**2 + 26*z - 2. List the prime factors of u(21).
103
Let i = -8 - -10. Suppose 32 = u + a + a, i*u - 3*a - 71 = 0. What are the prime factors of u?
2, 17
Suppose p = 44 - 42. What are the prime factors of (8/(-2))/p*(-2316)/24?
193
Suppose 38 = 3*s - s. Let k = -26 + 18. Let o = s - k. What are the prime factors of o?
3
Suppose -5*m = -5*n - 18660, -2*m + 8531 = 5*n + 1046. What are the prime factors of m?
3, 5, 83
Let t be (-1*10/5)/((-2)/8). What are the prime factors of -2*((-300)/t - 4)?
83
Suppose 5*s = -3*g + 5*g + 42, 2*s + 76 = -5*g. List the prime factors of ((-28)/g + 0)*44.
7, 11
Let v(h) = -h**2 + 25*h - 38. Let f be v(25). Let g = f - -70. List the prime factors of g.
2
Let m be (-31 - 0) + -4 + 8. What are the prime factors of m/12*12/(-9)?
3
Suppose -3*y - z + 7293 = -6336, 5*y - 22717 = -z. What are the prime factors of y?
2, 71
What are the prime factors of (4/4 + -5 + 1)*-671?
3, 11, 61
Let p(z) = 7*z**3 - 8*z**2 - 71*z + 466. What are the prime factors of p(9)?
2, 2141
Suppose s - 28 = -3*s. Suppose -s = 3*y + 62. Let o = y + 40. What are the prime factors of o?
17
Suppose 5*q - 32 = 13*q. Let b(t) = 2*t**2 - 10*t - 7. What are the prime factors of b(q)?
5, 13
Suppose -5*u + 10*u = 4*d + 6910, 5*d + 8654 = -2*u. List the prime factors of 4 - d/8 - 3/12.
2, 5, 11
Suppose 20*p = 18*p + 538. What are the prime factors of p?
269
Suppose 0 = 4*r - 5008 - 4184. What are the prime factors of r?
2, 3, 383
Let s = -3159 - -5268. What are the prime factors of s?
3, 19, 37
Suppose -i + 0*p - 3*p = -9, 2*p + 7 = -5*i. Let t be -3*(i + (-6)/(-9)). Let w = t + 0. What are the prime factors of w?
7
Suppose -2*m = -6, 4*m - 113 = -5*j + 3*m. Suppose -j = -f - x - 4*x, 0 = 5*f + 4*x - 26. Suppose 0 = s + f*s - 21. What are the prime factors of s?
7
Let t be (6/15)/(2/(-20)). Suppose y - 11 = o, o - 6*o + 4*y - 60 = 0. What are the prime factors of 4/o + (-81)/t?
2, 5
Let d = -1362 - -2584. What are the prime factors of d?
2, 13, 47
Suppose -q = -k - 0*q, 0 = -2*q + 8. Let c be -1 + k + 12*5. Let u = -13 + c. List the prime factors of u.
2, 5
Suppose 2*j = -4*j + 276. Suppose -74 = -5*s + j. List the prime factors of s.
2, 3
Let l be (1*2)/(-2 - 29/(-15)). Let r = 35 - l. List the prime factors of r.
5, 13
Suppose -7*m + 76 = 6. What are the prime factors of 728/m - ((-1)/5 + 0)?
73
Let w(p) = -p**3 - 5*p**2 + 15*p + 10. Let a be w(-7). Suppose -5*y - 5*s + 700 = 0, -5*y + 304 = -a*y - 4*s. List the prime factors of y.
2, 3
Suppose 4*x = -5*k + 372, 0 = 3*k - 0*k - x - 213. Suppose -2*y + k = -14. What are the prime factors of y?
43
Suppose 0 = 2*s + 4*s + 1014. Let t = s - -426. What are the prime factors of t?
257
Let y(q) = q**3 - 11*q**2 - 77*q - 24. List the prime factors of y(16).
2, 3
Suppose 2*v + 6 = 0, -16 = 2*i - 6*i + 4*v. Let g(l) = 8*l + 2. Let x be g(i). Let n = -6 + x. List the prime factors of n.
2
Suppose 5*x + 24 = -521. Let t = 17 - x. What are the prime factors of t?
2, 3, 7
Let q(g) = g**3 - 18*g**2 + 2*g - 18. Let z be q(18). Let w(s) = -s**3 + 17*s**2 + 21*s + 26. Let o be w(z). Suppose 7*r - o = 340. List the prime factors of r.
2, 3, 5
Let c(v) = -2*v**2 + 3*v - 3. Let k be c(2). Let o(w) = w**2 + 4*w + 6. Let h be o(k). Suppose -h = 2*z - 63. List the prime factors of z.
2, 13
Suppose -2*t - 3*t = -130. Suppose t = 2*h - 28. Suppose -w - 5*o + h = 0, 2*w + 2*o = -2*w + 162. List the prime factors of w.
2, 3, 7
Let x = 24 - 33. What are the prime factors of (-2 - 435/x)/(1/3)?
139
Let n(s) = 3*s**2 + 16*s - 63. List the prime factors of n(33).
2, 3, 311
Let r = 1239 + 1447. What are the prime factors of r?
2, 17, 79
Suppose 4*c - 4*d - 1347 = 517, -d = -4*c + 1861. List the prime factors of c.
3, 5, 31
Suppose -4*q + 9*q = 0. Suppose 3*a + q*a = 12. Suppose -4*x - 34 - 126 = -a*v, 84 = 2*v - 3*x. What are the prime factors of v?
2, 3
Let v = 8980 - 6244. What are the prime factors of v?
2, 3, 19
Let p = 207 + -188. List the prime factors of p.
19
Let o(z) = z**2 + 5*z + 6. Let l be o(-4). Let c(y) = 4*y - 3. Let h be c(2). Suppose h*x = -2*n + 18, 4*n - 2*x = l*x + 36. What are the prime factors of n?
3
Let s(x) be the third derivative of 3*x**4/4 + x**3/6 + 7*x**2. List the prime factors of s(1).
19
Let l(y) = 143*y**3 + y**2 - 4*y + 3. Suppose 3*p = 5*p + 2*q, 0 = -3*p + 2*q + 5. List the prime factors of l(p).
11, 13
Suppose 4*d + 4 = 4*v, -5*v + 12 = -2*d - 5. Suppose -v*f + 828 = 4*f. What are the prime factors of f?
2, 23
Suppose -3*k - 6 = 0, -2*p + 36 = 2*p - 2*k. List the prime factors of (-7 + p)/((-1)/(-65)).
5, 13
Suppose -27*t + 360 = -32*t. Let u = 134 + t. What are the prime factors of u?
2, 31
Let a(u) = -3*u - 16. Let r be a(-7). Suppose -r*y = -3*y - 132. List the prime factors of y.
2, 3, 11
Suppose -3 = -q - 1. Suppose q*a + 58 = -92. Let b = a + 108. List the prime factors of b.
3, 11
Suppose 2*p - 3 = 3*r, -4*r + r = p + 3. Suppose 11*s - 355 - 1460 = p. List the prime factors of s.
3, 5, 11
Suppose 0 = f + 2, -8 = -k - 5*f - 36. Let m = 24 + k. List the prime factors of 23 + m/(-2 + -1).
3, 7
Suppose s - 28 - 112 = -3*k, -2*k - 10 = 0. Suppose 0 = -g + 4*i + 72 - 25, -3*g = 2*i - s. List the prime factors of g.
3, 17
Let h(w) = -91*w + 2. Let l be h(-2). Suppose g = 2*t - 0*g - l, 3*g + 12 = 0. What are the prime factors of t?
2, 3, 5
Let p(d) = 9*d + 25. Let f be p(15). Let w = f + -106. List the prime factors of w.
2, 3
Let v(b) = -b**2 - 9*b + 10. Let r be v(-10). Suppose r = 9*z - 4*z - 30. Suppose -49 = -5*t + z. List the prime factors of t.
11
Suppose 0 = 2*x - 3*m - 2068, -29*m = -4*x - 26*m + 4148. List the prime factors of x.
2, 5, 13
Let v = -1557 + 2207. What are the prime factors of v?
2, 5, 13
Suppose 434 = 3*d - 5*y, d = 2*y - 78 + 223. Let o = -3 + d. What are the prime factors of o?
2, 5, 7
Let g = 102 + -100. Suppose -3*l - 5*v + 443 = 0, 0 = 6*l - 2*l + g*v - 572. List the prime factors of l.
3, 47
Let u be (-18)/(-15)*(-520)/(-6). Suppose -24*a = -28*a + u. List the prime factors of a.
2, 13
Let o = 4 + 5. Suppose 0 = 7*w - o - 124. Let b = w + 7. List the prime factors of b.
2, 13
Let q(u) = -u**2 + 7*u - 2. Let c be q(6). Let v be ((-2)/c + 1)*248. Suppose -p + 66 = -3*m, -5*m - 112 - v = -4*p. List the prime factors of p.
2, 3
Let q be (7 - 3 - 4)/(-2). Suppose 3*t + t - 108 = q. What are the prime factors of t?
3
Let r(d) = -d**2 - 16*d - 20. Let g be r(-14). Let u be 8/(-28) + (-30)/(-7). What are the prime factors of 2/g - (-107)/u?
3
Suppose 32 = 3*k - 205. What are the prime factors of k?
79
Let b = -3 + 58. Suppose -2*c = -5*y + 3*c + b, 12 = 3*c. What are the prime factors of y?
3, 5
Suppose -27*p - 27000 = -72*p. List the prime factors of p.
2, 3, 5
Let c(o) = -o + 6. Let p be c(5). Let m = p - -2. Suppose 0 = n + 3*k + 10, m*n + 2*n + 3*k = -2. What are the prime factors of n?
2
Let w = -478 - -836. What are the prime factors of w?
2, 179
Let f(l) = 25*l**2 + 9*l - 45. List the prime factors of f(3).
3, 23
Suppose 0 = 150*s - 138*s - 30168. List the prime factors of s.
2, 3, 419
Let w(v) = 308*v**2 + 58*v + 252. What are the prime factors of w(-4)?
2, 1237
Suppose -k + 3*s + 55 = 0, 61 = k - 0*s + 3*s. Let b = k + -10. What are the prime factors of b?
2, 3
Let c = -29 - -35. Suppose 567 = c*v + 33. What are the prime factors of v?
89
Let y(x) = 2*x - 3. Let l be y(-3). What are the prime factors of (-54)/4*48/l?
2, 3
List the prime factors of (3 - -7 - 3392)/(-1).
2, 19, 89
Suppose 1498 = -10*r + 11328. What are the prime factors of r?
983
Suppose -4*a - w + 1721 - 327 = 0, -2*w + 1741 = 5*a. List the prime factors of a.
349
Let t(p) = 41*p + 11. Let y be t(11). Suppose -5*k + y = k. List the prime factors of k.
7, 11
Suppose -762 = -4*v + 3058. What are the prime factors of v?
5, 191
Let m(p) = p**3 - 38*p**2 + 52*p - 14. What are the prime factors of m(37)?
541
Suppose 0*n + n + 4 = 0. Let f be ((-42)/(-9) + n)*3. Suppose w - f*w = -2*z + 15, 18 = z - 4*w. What are the prime factors of z?
2, 3
